{"id":185,"date":"2020-09-16T12:37:34","date_gmt":"2020-09-16T12:37:34","guid":{"rendered":"http:\/\/kuzmicz.pl\/?page_id=185"},"modified":"2024-04-28T21:20:58","modified_gmt":"2024-04-28T19:20:58","slug":"finanse","status":"publish","type":"page","link":"https:\/\/kuzmicz.pl\/index.php\/finanse\/","title":{"rendered":"Kredyty i po\u017cyczki"},"content":{"rendered":"\n<h2 class=\"wp-block-heading\"><strong>Kinga Ku\u017amicz <\/strong>Ekspert Finansowy<\/h2>\n\n\n\n<p style=\"font-size:20px\">Dzie\u0144 dobry,<\/p>\n\n\n\n<p>Nazywam si\u0119 <strong>Kinga Ku\u017amicz<\/strong> i jestem profesjonalnym Ekspertem Finansowym. Posiadam wykszta\u0142cenie oraz wieloletnie do\u015bwiadczenie w dziedzinie finans\u00f3w. Wychodz\u0105c naprzeciw Pa\u0144stwa wymaganiom oraz w trosce o Pa\u0144stwa komfort, oferuje bezp\u0142atne us\u0142ugi jako Ekspert Finansowy dla:<\/p>\n\n\n\n<ul class=\"wp-block-list\">\n<li>deweloper\u00f3w,<\/li>\n\n\n\n<li>biur nieruchomo\u015bci,<\/li>\n\n\n\n<li>firm i os\u00f3b prywatnych.<\/li>\n<\/ul>\n\n\n\n<p><\/p>\n\n\n\n<p>Stanowi\u0119 wsparcie na ka\u017cdym etapie procesu finansowania:<\/p>\n\n\n\n<ul class=\"wp-block-list\">\n<li>od zdobycia informacji na temat mo\u017cliwo\u015bci finansowania danej nieruchomo\u015bci,<\/li>\n\n\n\n<li>przez zestawienie ofert wielu bank\u00f3w,<\/li>\n\n\n\n<li>poprzedzone indywidualnymi negocjacjami w imieniu Klienta.\u00a0<\/li>\n<\/ul>\n\n\n\n<p><\/p>\n\n\n\n<p>Wsp\u00f3\u0142praca ze mn\u0105 owocuje skr\u00f3ceniem i uproszczeniem procedur zwi\u0105zanych z nabyciem ka\u017cdej nieruchomo\u015bci, a przede wszystkim pozwala&nbsp;na wyb\u00f3r najkorzystniejszej opcji finansowania. W przedstawianych przeze mnie zestawieniach ofert bankowych prezentowane s\u0105 najwa\u017cniejsze parametry:<\/p>\n\n\n\n<ul class=\"wp-block-list\">\n<li>oprocentowanie,<\/li>\n\n\n\n<li>prowizje,<\/li>\n\n\n\n<li>koszty dodatkowe oraz warunki wcze\u015bniejszej sp\u0142aty.\u00a0<\/li>\n<\/ul>\n\n\n\n<p><\/p>\n\n\n\n<p>Spotkania ze mn\u0105 odbywaj\u0105 si\u0119 w biurze. Umo\u017cliwiam r\u00f3wnie\u017c konsultacj\u0119 online dla Klient\u00f3w przebywaj\u0105cych poza granicami Polski.<\/p>\n\n\n\n<p><strong>Kinga Ku\u017amicz<\/strong> Ekspert Finansowy<br><strong>tel.&nbsp;<\/strong>660 638 638<br><strong>e-mail:<\/strong>&nbsp;kinga@kuzmicz.pl<\/p>\n","protected":false},"excerpt":{"rendered":"<p>Kinga Ku\u017amicz Ekspert Finansowy Dzie\u0144 dobry, Nazywam si\u0119 Kinga Ku\u017amicz i jestem profesjonalnym Ekspertem Finansowym. Posiadam wykszta\u0142cenie oraz wieloletnie do\u015bwiadczenie w dziedzinie finans\u00f3w. Wychodz\u0105c naprzeciw Pa\u0144stwa wymaganiom oraz w trosce o Pa\u0144stwa komfort, oferuje bezp\u0142atne [&hellip;]<\/p>\n","protected":false},"author":1,"featured_media":442,"parent":0,"menu_order":0,"comment_status":"closed","ping_status":"closed","template":"","meta":{"footnotes":""},"class_list":["post-185","page","type-page","status-publish","has-post-thumbnail","hentry"],"_links":{"self":[{"href":"https:\/\/kuzmicz.pl\/index.php\/wp-json\/wp\/v2\/pages\/185","targetHints":{"allow":["GET"]}}],"collection":[{"href":"https:\/\/kuzmicz.pl\/index.php\/wp-json\/wp\/v2\/pages"}],"about":[{"href":"https:\/\/kuzmicz.pl\/index.php\/wp-json\/wp\/v2\/types\/page"}],"author":[{"embeddable":true,"href":"https:\/\/kuzmicz.pl\/index.php\/wp-json\/wp\/v2\/users\/1"}],"replies":[{"embeddable":true,"href":"https:\/\/kuzmicz.pl\/index.php\/wp-json\/wp\/v2\/comments?post=185"}],"version-history":[{"count":27,"href":"https:\/\/kuzmicz.pl\/index.php\/wp-json\/wp\/v2\/pages\/185\/revisions"}],"predecessor-version":[{"id":808,"href":"https:\/\/kuzmicz.pl\/index.php\/wp-json\/wp\/v2\/pages\/185\/revisions\/808"}],"wp:featuredmedia":[{"embeddable":true,"href":"https:\/\/kuzmicz.pl\/index.php\/wp-json\/wp\/v2\/media\/442"}],"wp:attachment":[{"href":"https:\/\/kuzmicz.pl\/index.php\/wp-json\/wp\/v2\/media?parent=185"}],"curies":[{"name":"wp","href":"https:\/\/api.w.org\/{rel}","templated":true}]}}